
Does 37 divide 10413481?
False
Does 165 divide 356400?
True
Is 83 a factor of 2115193?
False
Is 39331 a multiple of 37?
True
Is 9164029 a multiple of 75?
False
Is 34306 a multiple of 9?
False
Is 170 a factor of 110160?
True
Is 55 a factor of 109175?
True
Is 141212 a multiple of 17?
False
Is 693649 a multiple of 19?
False
Is 453091 a multiple of 43?
True
Is 2904492 a multiple of 19?
True
Does 762 divide 2208377?
False
Is 3482491 a multiple of 28?
False
Does 8 divide 1135600?
True
Is 34468 a multiple of 28?
True
Does 19 divide 1704718?
True
Is 3900 a multiple of 100?
True
Is 395832 a multiple of 12?
True
Is 178779 a multiple of 3?
True
Is 253 a factor of 135935?
False
Is 29 a factor of 435812?
True
Is 12647868 a multiple of 2367?
False
Is 9 a factor of 13023?
True
Is 5 a factor of 630916?
False
Is 96 a factor of 963287?
False
Does 19 divide 9785609?
False
Is 20554700 a multiple of 214?
True
Does 101 divide 52432?
False
Is 115830 a multiple of 13?
True
Is 2193562 a multiple of 39?
False
Is 63 a factor of 6363?
True
Is 17 a factor of 2760715?
True
Is 31 a factor of 1155915?
False
Is 4 a factor of 95580?
True
Is 119509 a multiple of 29?
True
Is 171270 a multiple of 110?
True
Does 157 divide 6507179?
True
Is 47 a factor of 90211?
False
Is 539 a factor of 134750?
True
Is 21 a factor of 480632?
False
Does 8 divide 197448?
True
Is 49500 a multiple of 66?
True
Does 14 divide 1517180?
True
Is 43 a factor of 223634?
False
Is 644 a factor of 243432?
True
Is 3 a factor of 414474?
True
Is 10723 a multiple of 289?
False
Does 126 divide 264719?
False
Is 21 a factor of 1275853?
False
Is 618007 a multiple of 13?
True
Is 6 a factor of 124450?
False
Is 19131565 a multiple of 1116?
False
Is 94 a factor of 1957563?
False
Does 5 divide 2524320?
True
Is 40 a factor of 1199289?
False
Does 12 divide 17303831?
False
Does 200 divide 161186?
False
Is 32643 a multiple of 9?
True
Is 39 a factor of 504075?
True
Does 59 divide 239877?
False
Does 18 divide 24966?
True
Is 56 a factor of 351469?
False
Does 122 divide 56309?
False
Is 143288 a multiple of 431?
False
Does 60 divide 170520?
True
Is 1399795 a multiple of 83?
True
Is 188 a factor of 10987800?
False
Is 5 a factor of 10536494?
False
Is 444616 a multiple of 4?
True
Is 217800 a multiple of 24?
True
Does 196 divide 210599?
False
Does 16 divide 92080?
True
Is 14 a factor of 11336832?
False
Does 17 divide 251583?
True
Does 56 divide 131024?
False
Is 28363 a multiple of 35?
False
Is 15281 a multiple of 7?
True
Is 5 a factor of 58675?
True
Is 3775378 a multiple of 36?
False
Is 1384908 a multiple of 320?
False
Does 19 divide 3514582?
True
Does 216 divide 1453248?
True
Does 55 divide 127054?
False
Is 1094803 a multiple of 666?
False
Does 6 divide 6960?
True
Is 191 a factor of 7130819?
False
Does 78 divide 2622158?
False
Is 743043 a multiple of 287?
True
Is 136770 a multiple of 248?
False
Is 2865663 a multiple of 55?
False
Is 120 a factor of 47028?
False
Does 4 divide 607466?
False
Does 130 divide 9494541?
False
Is 643 a factor of 372297?
True
Does 1994 divide 226411?
False
Does 8 divide 42407?
False
Does 2 divide 398?
True
Is 74460 a multiple of 204?
True
Is 624030 a multiple of 146?
False
Is 7 a factor of 4034436?
True
Is 541198 a multiple of 29?
True
Does 10 divide 1548030?
True
Is 1212327 a multiple of 2?
False
Does 64 divide 8711104?
True
Does 87 divide 14947035?
True
Is 243 a factor of 280113?
False
Is 11 a factor of 40337?
True
Is 126 a factor of 4410756?
True
Is 18 a factor of 553461?
False
Does 39 divide 1685720?
False
Does 111 divide 659401?
False
Does 48 divide 194496?
True
Is 330 a factor of 2525490?
True
Does 25 divide 2184325?
True
Does 157 divide 210907?
False
Does 43 divide 3649539?
True
Is 138 a factor of 28977052?
False
Is 2320628 a multiple of 97?
True
Is 11 a factor of 90912?
False
Is 352220 a multiple of 220?
True
Does 114 divide 337874?
False
Is 118520 a multiple of 10?
True
Is 36600 a multiple of 13?
False
Is 585736 a multiple of 3?
False
Does 22 divide 854085?
False
Is 36 a factor of 419741?
False
Does 30 divide 594448?
False
Is 76868 a multiple of 9?
False
Does 27 divide 4714659?
True
Is 2485596 a multiple of 49?
False
Is 17852700 a multiple of 25?
True
Does 23 divide 7093545?
True
Is 2641573 a multiple of 23?
True
Does 220 divide 825982?
False
Does 44 divide 4826844?
True
Is 11 a factor of 508163?
False
Does 6 divide 2567106?
True
Is 21 a factor of 254024?
False
Is 9 a factor of 54864?
True
Is 13 a factor of 157872?
True
Does 28 divide 23044?
True
Does 9 divide 7859169?
True
Is 59 a factor of 283837?
False
Is 11559747 a multiple of 17?
False
Does 3 divide 73311?
True
Is 237 a factor of 475422?
True
Does 25 divide 129184?
False
Is 1097 a factor of 1013792?
False
Does 49 divide 233177?
False
Is 19545 a multiple of 3?
True
Does 53 divide 31058?
True
Is 12 a factor of 3716457?
False
Is 4 a factor of 1328?
True
Is 168 a factor of 3941717?
False
Is 104136 a multiple of 24?
True
Is 2 a factor of 2574?
True
Is 78 a factor of 285636?
True
Is 247 a factor of 3690427?
True
Is 119584 a multiple of 202?
True
Is 151 a factor of 146044?
False
Is 7 a factor of 768754?
True
Is 82 a factor of 148173?
False
Is 523850 a multiple of 16?
False
Is 33385 a multiple of 47?
False
Is 9123021 a multiple of 1767?
True
Is 75 a factor of 254502?
False
Is 52 a factor of 3283332?
True
Is 322296 a multiple of 12?
True
Is 24 a factor of 459110?
False
Does 8 divide 5784?
True
Is 361 a factor of 1326083?
False
Is 14 a factor of 1739412?
False
Is 544658 a multiple of 8?
False
Does 8 divide 1556?
False
Does 11 divide 447480?
True
Is 14 a factor of 1319080?
True
Is 174643 a multiple of 7?
True
Is 6 a factor of 885986?
False
Is 19 a factor of 7590?
False
Does 11 divide 216626?
False
Is 309553 a multiple of 139?
True
Does 3 divide 569759?
False
Does 380 divide 573980?
False
Is 185817 a multiple of 23?
True
Does 45 divide 62530?
False
Is 33 a factor of 12104318?
False
Is 3692000 a multiple of 568?
True
Is 79 a factor of 797825?
False
Is 324306 a multiple of 19?
False
Does 7 divide 278094?
False
Does 13 divide 132327?
True
Is 5 a factor of 264305?
True
Is 14947424 a multiple of 736?
True
Is 433 a factor of 10335991?
False
Is 1425891 a multiple of 18?
False
Is 1782011 a multiple of 11?
True
Is 169 a factor of 2993717?
False
Is 10 a factor of 118120?
True
Is 472386 a multiple of 262?
True
Is 2607429 a multiple of 4?
False
Is 14 a factor of 82586?
True
Is 227092 a multiple of 59?
False
Is 4 a factor of 68796?
True
Is 97 a factor of 2959761?
True
Is 226 a factor of 11421?
False
Is 9189075 a multiple of 345?
True
Is 177 a factor of 2197422?
False
Does 89 divide 354754?
True
Does 54 divide 3572046?
True
Does 102 divide 81528?
False
Is 150 a factor of 86347?
False
Is 69444 a multiple of 9?
True
Does 12 divide 52891?
False
Does 19 divide 2397863?
False
Is 286 a factor of 12562670?
False
Does 1618 divide 4240350?
False
Is 776066 a multiple of 388?
False
Is 583 a factor of 1617494?
False
Is 179 a factor of 1319747?
False
Is 270 a factor of 1512270?
True
Is 28 a factor of 13860780?
False
Is 1020210 a multiple of 93?
True
Does 49 divide 3221?
False
Is 11 a factor of 1168104?
False
Is 622 a factor of 4706186?
False
Is 3425096 a multiple of 26?
False
Is 577847 a multiple of 323?
True
Is 2913890 a multiple of 21?
False
Is 545076 a multiple of 196?
True
Does 7 divide 304829?
True
Does 113 divide 676418?
True
Is 809340 a multiple of 188?
True
Is 1288500 a multiple of 58?
False
Does 17 divide 172584?
True
Does 527 divide 5941398?
True
Does 726 divide 7290492?
True
Does 9 divide 14644?
False
Is 14 a factor of 158970?
True
Does 77 divide 2577267?
True
Is 15 a factor of 20270690?
False
Is 393 a factor of 698612?
False
Is 63448 a multiple of 44?
True
Does 19 divide 132867?
True
Is 37536 a multiple of 391?
True
Does 32 divide 2020160?
True
Is 117 a factor of 243711?
True
Is 12845 a multiple of 14?
False
Does 234 divide 266755?
False
Does 41 divide 8755065?
False
Is 10 a factor of 360547?
False
Is 384 a factor of 1066988?
False
Does 42 divide 1769082?
True
Is 19 a factor of 4590855?
False
Is 85792 a multiple of 32?
True
Is 1159191 a multiple of 11?
True
Is 1097 a factor of 5450993?
True
Does 2 divide 44629?
False
Does 84 divide 2973432?
True
Does 10 divide 237580?
T